t common factor of 27642 and 570726.
1626
Calculate the greatest common divisor of 191416 and 3976.
568
Calculate the greatest common divisor of 35 and 79445.
5
Calculate the highest common factor of 449744 and 80.
16
Calculate the highest common divisor of 66 and 152493.
33
What is the highest common factor of 1222844 and 11662?
1666
Calculate the greatest common factor of 24444 and 1848.
84
What is the highest common factor of 4578853 and 311?
311
What is the greatest common divisor of 6848 and 6592?
64
Calculate the highest common divisor of 59815 and 35.
35
Calculate the highest common factor of 15052 and 5964.
284
What is the highest common divisor of 21728 and 12992?
224
What is the greatest common factor of 64 and 728352?
32
Calculate the greatest common factor of 3924 and 17028.
36
What is the greatest common divisor of 13245 and 16777?
883
Calculate the highest common divisor of 20930 and 174524.
322
Calculate the greatest common divisor of 26048 and 148.
148
Calculate the highest common divisor of 6696 and 3216312.
2232
Calculate the greatest common divisor of 71728 and 16.
16
What is the highest common divisor of 1396224 and 6060?
1212
Calculate the greatest common factor of 3126684 and 264.
132
Calculate the highest common divisor of 4553 and 58.
29
What is the greatest common divisor of 52 and 5789472?
52
What is the greatest common divisor of 60 and 20628?
12
Calculate the highest common factor of 17 and 243049.
17
Calculate the greatest common divisor of 102914 and 1722.
14
Calculate the highest common divisor of 27 and 102159.
9
Calculate the highest common factor of 2 and 6695.
1
What is the highest common divisor of 94 and 92355?
47
What is the highest common divisor of 12649 and 145950?
973
What is the highest common factor of 2548 and 312767?
637
Calculate the greatest common divisor of 3740162 and 382.
382
What is the greatest common divisor of 78029 and 314?
157
Calculate the highest common divisor of 221920 and 532.
76
Calculate the greatest common factor of 282458 and 242.
22
Calculate the highest common divisor of 1578 and 912873.
789
Calculate the greatest common factor of 72 and 2730600.
72
Calculate the highest common factor of 130 and 198224.
26
Calculate the greatest common divisor of 104142 and 255.
51
What is the highest common divisor of 139806 and 108?
54
What is the highest common factor of 8592 and 864?
48
Calculate the greatest common factor of 21046 and 34.
34
What is the greatest common factor of 31950 and 550?
50
What is the greatest common factor of 208 and 692?
4
Calculate the greatest common factor of 59637 and 2781.
309
Calculate the greatest common factor of 30178 and 1528.
382
What is the highest common divisor of 1220170 and 70?
70
What is the highest common divisor of 598 and 58344?
26
What is the highest common divisor of 49 and 72331?
7
Calculate the highest common divisor of 36357 and 24.
3
What is the greatest common factor of 65244 and 18?
6
Calculate the highest common divisor of 15 and 288935.
5
What is the highest common factor of 13300 and 2128?
532
What is the greatest common divisor of 44278 and 43754?
262
Calculate the greatest common factor of 140 and 221844.
28
Calculate the greatest common factor of 5574685 and 5.
5
What is the greatest common divisor of 45621 and 522?
9
What is the highest common divisor of 38277 and 774?
9
Calculate the highest common divisor of 74 and 9731.
37
What is the greatest common divisor of 6471 and 162?
9
What is the highest common factor of 266934 and 510?
102
What is the greatest common divisor of 28356 and 3468?
204
Calculate the highest common factor of 10199 and 651.
217
Calculate the greatest common factor of 351 and 6292.
13
Calculate the highest common factor of 266243 and 16834.
443
What is the highest common divisor of 408714 and 306?
102
What is the greatest common divisor of 3922 and 39803?
53
What is the greatest common divisor of 10 and 135770?
10
Calculate the greatest common factor of 5896 and 1005.
67
What is the greatest common factor of 76868 and 748?
44
Calculate the highest common divisor of 33 and 404437.
11
What is the greatest common divisor of 21912 and 2112?
264
What is the highest common divisor of 2760 and 79272?
24
What is the greatest common factor of 42 and 772?
2
Calculate the highest common factor of 2787 and 909.
3
What is the greatest common divisor of 6 and 393654?
6
Calculate the highest common divisor of 6 and 157.
1
What is the greatest common divisor of 1040 and 133380?
260
Calculate the highest common factor of 10 and 47890.
10
Calculate the greatest common divisor of 493 and 8738.
17
Calculate the greatest common divisor of 43395 and 165.
165
Calculate the greatest common factor of 136460 and 540.
20
What is the highest common factor of 1827 and 849149?
203
Calculate the greatest common divisor of 9 and 13077.
9
Calculate the highest common factor of 140 and 1310420.
20
What is the greatest common factor of 283654 and 14?
14
Calculate the highest common factor of 92 and 37398.
46
What is the highest common divisor of 64893 and 776?
97
Calculate the highest common factor of 52 and 2145208.
52
Calculate the highest common divisor of 51 and 4463197.
17
What is the greatest common factor of 115404 and 60?
12
Calculate the greatest common divisor of 3504 and 6862.
146
Calculate the greatest common divisor of 6915 and 265.
5
What is the highest common factor of 25620 and 6760?
20
Calculate the greatest common factor of 1112762 and 6515.
1303
What is the greatest common factor of 6 and 2837415?
3
What is the greatest common factor of 589 and 145979?
31
What is the greatest common divisor of 16 and 59656?
8
What is the highest common factor of 19863 and 18?
9
Calculate the greatest common factor of 26617 and 36521.
619
What is the greatest common factor of 5450 and 35098?
218
What is the greatest common factor of 245 and 995?
5
Calculate the greatest common factor of 5 and 6915.
5
Calculate the greatest common divisor of 23 and 171994.
23
Calculate the greatest common factor of 197607 and 12909.
993
What is the highest common factor of 18323 and 25853?
251
What is the greatest common factor of 49805 and 175?
35
What is the highest common divisor of 1 and 27167?
1
Calculate the greatest common divisor of 88 and 11814.
22
What is the greatest common factor of 136194 and 2?
2
What is the greatest common divisor of 5952 and 1147?
31
What is the greatest common divisor of 24 and 91272?
24
Calculate the greatest common factor of 496 and 9827.
31
What is the greatest common factor of 171 and 183654?
171
What is the highest common factor of 12 and 384?
12
Calculate the greatest common factor of 724633 and 91.
91
What is the highest common factor of 1209 and 15678?
39
What is the greatest common divisor of 208 and 60944?
208
What is the highest common factor of 15093 and 156?
39
What is the greatest common divisor of 148 and 1501682?
74
What is the greatest common factor of 121339 and 71?
71
What is the greatest common divisor of 400 and 19?
1
Calculate the highest common divisor of 75 and 314445.
15
What is the greatest common factor of 16967 and 323?
19
What is the greatest common factor of 16587 and 34338?
291
Calculate the greatest common divisor of 28396 and 78988.
124
Calculate the greatest common factor of 3880 and 340.
20
What is the greatest common factor of 579 and 52303?
193
Calculate the highest common factor of 1704748 and 2.
2
Calculate the greatest common divisor of 102 and 863379.
51
What is the greatest common factor of 5534 and 58?
2
Calculate the greatest common factor of 46379 and 133.
19
What is the greatest common factor of 973 and 1183?
7
Calculate the greatest common divisor of 10 and 1945.
5
What is the greatest common factor of 74115 and 1593?
27
Calculate the highest common factor of 570 and 2633970.
570
Calculate the greatest common divisor of 88 and 23628.
44
Calculate the highest common factor of 206 and 2410406.
206
Calculate the greatest common factor of 21465 and 285.
15
Calculate the highest common divisor of 15 and 46041.
3
Calculate the greatest common factor of 30189 and 3817.
347
What is the highest common factor of 6200 and 70?
10
What is the highest common factor of 10433 and 13?
1
Ca